t k = w + 2. Calculate the greatest common factor of k and q.
13
Let t = -301 + 320. What is the highest common factor of 247 and t?
19
Suppose 2*w + 16*w - 1548 = 0. Calculate the greatest common factor of w and 43.
43
Let d(r) = -r**2 + 2*r + 2. Let j be d(4). Let p be j/(2/(-6)*2). Let t be (2/(-3))/((-2)/81). Calculate the greatest common factor of t and p.
9
Suppose 118*b - 117*b - 45 = 0. Calculate the greatest common factor of b and 36.
9
Let x = 87 - 46. Let i = x + -38. What is the greatest common factor of i and 2?
1
Let u be ((-2)/5)/(4/180). Let a be (u/(-5))/(15/450). What is the highest common factor of a and 12?
12
Let t = 265 - 148. Let r(c) = -c**2 + 6*c + 5. Let u be r(-9). Let n be (u/(-30))/(2/6). Calculate the greatest common factor of t and n.
13
Let r(g) = 6*g**2. Let y be r(-1). Let u(h) = -h**3 + 5*h**2 + 5*h + 13. Let j be u(y). Calculate the highest common divisor of j and 63.
7
Suppose -2*t = -4*v + 168, -5*v - 5*t = -195 + 15. Calculate the greatest common factor of v and 128.
8
Let o be (2/6)/(4/(-12)). Let u be (o + 6)/(40/16). Suppose u*y = -0*y + 46. Calculate the highest common factor of y and 184.
23
Suppose 0 = -70*w + 78*w + 32. Let r = 1 + -62. Let b be r/w - (-6)/(-24). Calculate the greatest common factor of b and 45.
15
Suppose -a + 25 = -i + 2*i, 4*a = 5*i - 143. Suppose 9*m - 328 - 77 = 0. Calculate the highest common divisor of m and i.
9
Let z be 3/4 + 2505/20. Let l be (-273)/z*(-6 - 0). Calculate the greatest common factor of l and 39.
13
Suppose -6*m = -99 - 3. Suppose 5*p - m = 8. Let w be (-10)/(-2*(-2)/(-22)). Calculate the highest common factor of p and w.
5
Suppose -19 + 3 = -2*x - 2*t, t - 24 = -5*x. Let u be (-1)/x + 175/(-4). Let q be (-6)/33 + (-1328)/u. Calculate the highest common factor of q and 12.
6
Suppose -w = 1 - 3. Let o = -293 - -319. Calculate the greatest common divisor of w and o.
2
Let y be -27*((-1)/(-1))/(12/(-12)). What is the highest common factor of y and 9?
9
Let c = 367 + -72. Calculate the greatest common divisor of c and 118.
59
Let l = 2269 + 238. What is the highest common factor of l and 109?
109
Suppose -3*q = 8*s - 7*s - 570, -4*q - 2360 = -4*s. Calculate the greatest common factor of 13 and s.
13
Let n(v) = 23*v**2 - 57*v + 109. Let j be n(2). Suppose 0 = 2*t - 10 - 106. Calculate the greatest common divisor of t and j.
29
Let g(q) be the first derivative of 20*q**2 + 21*q - 16. Let d be g(6). Calculate the highest common divisor of d and 29.
29
Let l(y) = y**2 + 44*y - 506. Let c be l(-53). Suppose -q - 104 = q + 2*p, -10 = -2*p. Let k = c - q. What is the highest common divisor of 4 and k?
4
Let y(c) = c**2 + 4*c - 9. Let g be y(-7). Let t(p) = -p**3 + 11*p**2 + 17*p - 42. Let l be t(12). Calculate the highest common divisor of l and g.
6
Suppose 2*j = 26 + 8. Let b(v) = -2*v**3 - 2*v**2 - 11*v - 18. Let y be b(-3). What is the greatest common factor of y and j?
17
Let p(h) = h**3 - 7*h**2 + 7*h + 9. Let a = 15 + -13. Let g = 8 - a. Let t be p(g). What is the highest common factor of 10 and t?
5
Suppose -562 = 7*b - 1507. What is the highest common divisor of b and 15?
15
Let q(x) = 18*x + 232. Let z be q(4). What is the greatest common factor of 128 and z?
16
Let m = 76 - 66. What is the greatest common divisor of m and 60?
10
Suppose -r + 855 = -i, 0 = -2*i + 3*i - 5. Suppose -s + 855 = 5*p, 0*s + r = 5*p + 2*s. Calculate the highest common factor of p and 17.
17
Let d(k) = 9*k - 57. Let b be d(6). Let q be 151 + (19 + b)/4. What is the highest common divisor of 62 and q?
31
Let i = 1058 - 983. Let l be 29 + (-1)/(1 + -2). Calculate the greatest common divisor of i and l.
15
Let g = -18 + 47. Suppose 2*l + 3*l = 2*p + 284, -4*l + 220 = -4*p. What is the highest common divisor of l and g?
29
Let z(x) = x**3 + 10*x**2 - 5*x - 28. Let t be z(-10). Calculate the greatest common divisor of 209 and t.
11
Suppose d + 4*b = 82, -11*d + 8*d + b = -194. Suppose -c = -4*a - 5*c + 376, 3*c = -15. What is the greatest common divisor of d and a?
33
Let q be 6*(-1 + 6/4). Suppose -2*f = -q*f + 26. Suppose -3728 = -19*x + 718. Calculate the highest common divisor of x and f.
26
Let d = 40 + -35. Suppose -d*t + 49 = 9. What is the greatest common factor of t and 40?
8
Suppose 4*i - 1557 = -3*k, 2*k + 49 + 1880 = 5*i. What is the highest common factor of i and 43?
43
Let p = 127 + -121. Calculate the highest common divisor of p and 10.
2
Let j(w) = 2*w**2 - 4*w + 2. Suppose -5*u + 5*f = 10*f - 50, -u + 22 = 5*f. Let m be j(u). Calculate the greatest common divisor of 180 and m.
36
Let c be (2/(-4))/(24/(-4032)). Let i(m) = 4*m**3 + 3*m**2 - 2*m + 2. Let s be i(2). Calculate the greatest common factor of s and c.
42
Let s(a) = -46*a + 475. Let j be s(10). Calculate the highest common divisor of 87 and j.
3
Suppose -36*f - 5*l = -39*f + 145, -5*l - 10 = 0. Calculate the greatest common divisor of 465 and f.
15
Let v = 1309 + -1218. Suppose k + 32 = 3*l - 42, 3*l - 5*k = 58. What is the highest common divisor of l and v?
13
Let h = -228 - -704. Calculate the greatest common factor of 14 and h.
14
Let c(p) = p**3 + 54*p**2 - 68*p - 648. Let b be c(-55). Calculate the greatest common divisor of 469 and b.
67
Let g(q) = -q**2 + 12*q + 2. Let s be g(12). Suppose -j - 5*a - 10 = -s*j, 3*a = 2*j - 13. Let c be 24 + 2/4*2. What is the greatest common divisor of c and j?
5
Let u(a) = -a**2 + 11*a - 7. Let j be 18/3 + (-5)/(-2 + -3). Let c be u(j). What is the highest common factor of 3 and c?
3
Suppose -5*v = 3*p - 58, -5*v - 31 + 85 = -p. Suppose -4*j + 3*q + 111 = 0, 8*q - 21 = -j + v*q. What is the greatest common divisor of j and 10?
10
Let y(l) = -l**3 + 8*l**2 - 8*l - 2. Let s be y(4). What is the highest common factor of 80 and s?
10
Suppose -4*x + 3*x = 5*f - 580, -2*f + 4*x + 254 = 0. What is the greatest common factor of 39 and f?
39
Suppose 224*k - 229*k - 5*i + 445 = 0, 0 = -k + 2*i + 92. What is the highest common divisor of 990 and k?
90
Suppose 3*z = 15, 3*s = -3*z + 6*z + 27. What is the highest common divisor of s and 14?
14
Suppose -4*c - 3*b = -1, -3*c + b = -5 - 12. What is the highest common divisor of c and 20?
4
Let r = 271 - 261. Suppose -i + 5 = 4*i, -5*o - i - 69 = 0. Let s = o + 29. Calculate the greatest common divisor of r and s.
5
Let p(n) = -n + 39. Let q be p(16). Let z be ((-13)/2)/(2/(-4)). Suppose d - z - q = 0. What is the highest common divisor of d and 24?
12
Let u(v) = -39*v + 1. Let w be u(-1). Suppose 74*s - 10728 = 9992. What is the highest common divisor of w and s?
40
Suppose 0 = -25*l + 10273 - 998. Calculate the greatest common factor of l and 106.
53
Let v(c) = c**3 + 8*c**2 - 2*c - 4. Let z be v(-8). Let x = 129 - 33. Calculate the greatest common factor of z and x.
12
Suppose 8 = 4*a - 24. Let r = 35 - a. Calculate the greatest common divisor of 45 and r.
9
Suppose -35*g = -77 + 7. Calculate the greatest common factor of g and 26.
2
Let o be 23 + 618 + (-6 + 0 - -3). What is the highest common divisor of 58 and o?
58
Suppose -4*l - 3*z = -36, 4*l - 2*z - 32 = -6*z. Let r be -15*(-6)/(-27)*-3. Let i be 6 - 2 - (r - 66). Calculate the greatest common divisor of i and l.
12
Let s(v) = 2*v - 6. Suppose 2*t - 4*c = 16 + 8, -2*t = -5*c - 21. Let n = t + -14. Let y be s(n). What is the highest common divisor of y and 8?
2
Let f = 770 + -722. Let h be (-2)/(-2)*(4 - 0). What is the greatest common factor of h and f?
4
Suppose -2*p - p = -36. Let g = -16 + 20. Suppose j + 32 = 2*d + 3, j = g*d - 53. Calculate the highest common factor of p and d.
12
Suppose 25 = 12*l - 7*l. Let b be (-3172)/(-39) - (-4)/(-3). What is the highest common factor of l and b?
5
Let b = -7 + 17. Let q(p) be the second derivative of -p**3/3 - 3*p**2 + 5*p. Let x be q(-8). Calculate the highest common factor of x and b.
10
Let r(m) = -m**3 - 4*m**2 + 5*m + 4. Let x be r(-5). Suppose -20*p - 37 = -597. What is the greatest common divisor of x and p?
4
Suppose -5*i = -15, -g + 2*i = 6*i - 360. What is the greatest common divisor of g and 12?
12
Suppose 20*n + 336 = 34*n. Let q(u) = u**2 - u - 6. Let d be q(7). What is the greatest common factor of n and d?
12
Let a be (31/(-4))/((-7)/28). Let t = -26 + a. Calculate the greatest common factor of t and 10.
5
Let p = 7